?
3585289
What are the prime factors of 146497?
13, 59, 191
What are the prime factors of 907945?
5, 41, 43, 103
List the prime factors of 238251.
3, 13, 41, 149
List the prime factors of 1691816.
2, 7, 30211
What are the prime factors of 1404192?
2, 3, 14627
What are the prime factors of 334364?
2, 83591
List the prime factors of 2906015.
5, 7, 79, 1051
What are the prime factors of 2478377?
11, 225307
List the prime factors of 122868.
2, 3, 3413
List the prime factors of 504289.
504289
List the prime factors of 2107391.
11, 13, 14737
List the prime factors of 7963375.
5, 7, 19, 479
List the prime factors of 8357000.
2, 5, 61, 137
What are the prime factors of 2634659?
31, 37, 2297
List the prime factors of 13910078.
2, 7, 13, 23, 3323
List the prime factors of 10368484.
2, 7, 367, 1009
List the prime factors of 545674.
2, 251, 1087
List the prime factors of 10311818.
2, 11, 468719
What are the prime factors of 511315?
5, 7, 2087
What are the prime factors of 38212365?
3, 5, 2547491
List the prime factors of 715132.
2, 11, 16253
List the prime factors of 180214.
2, 90107
List the prime factors of 2010995.
5, 7, 57457
List the prime factors of 56971.
23, 2477
List the prime factors of 577408.
2, 13, 347
What are the prime factors of 7188217?
7188217
List the prime factors of 996268.
2, 7, 13, 17, 23
List the prime factors of 14844374.
2, 43, 101, 1709
What are the prime factors of 202155?
3, 5, 13477
What are the prime factors of 2835217?
7, 11, 36821
What are the prime factors of 2937433?
59, 49787
List the prime factors of 198487.
73, 2719
List the prime factors of 197813.
7, 11, 367
What are the prime factors of 1347333?
3, 13, 179, 193
List the prime factors of 11694183.
3, 37, 137, 769
What are the prime factors of 1177496?
2, 103, 1429
List the prime factors of 295937.
295937
What are the prime factors of 7071941?
359, 19699
What are the prime factors of 148879?
23, 6473
List the prime factors of 255.
3, 5, 17
List the prime factors of 15687032.
2, 1960879
List the prime factors of 20636689.
43, 11161
List the prime factors of 980098.
2, 7, 73, 137
List the prime factors of 1458632.
2, 7, 61
What are the prime factors of 323983?
11, 29453
What are the prime factors of 542501?
23, 103, 229
List the prime factors of 542107.
61, 8887
List the prime factors of 1328278.
2, 7, 17, 5581
What are the prime factors of 116562?
2, 3, 19427
What are the prime factors of 6989073?
3, 7, 13, 25601
List the prime factors of 269213.
7, 38459
What are the prime factors of 17706095?
5, 11, 17, 29, 653
What are the prime factors of 2839299?
3, 461, 2053
What are the prime factors of 84093?
3, 28031
What are the prime factors of 480666?
2, 3, 80111
What are the prime factors of 3784132?
2, 11, 17, 5059
What are the prime factors of 8041767?
3, 127, 21107
List the prime factors of 913997.
7, 23, 811
What are the prime factors of 6057222?
2, 3, 1009537
List the prime factors of 6636384.
2, 3, 7681
What are the prime factors of 349824?
2, 3, 911
What are the prime factors of 27148181?
1901, 14281
What are the prime factors of 1356501?
3, 139, 3253
List the prime factors of 11996308.
2, 79, 37963
List the prime factors of 10164353.
1223, 8311
What are the prime factors of 1425574?
2, 443, 1609
List the prime factors of 647487.
3, 23981
What are the prime factors of 160780?
2, 5, 8039
List the prime factors of 1216820.
2, 5, 11, 5531
List the prime factors of 687681.
3, 109, 701
What are the prime factors of 15902301?
3, 41, 129287
What are the prime factors of 12076637?
12076637
List the prime factors of 372062.
2, 17, 31, 353
List the prime factors of 2002546.
2, 7, 13, 11003
List the prime factors of 204033.
3, 23, 2957
List the prime factors of 2167275.
3, 5, 11, 37, 71
What are the prime factors of 3241903?
7, 37, 12517
List the prime factors of 526897.
7, 10753
List the prime factors of 1042138.
2, 41, 71, 179
What are the prime factors of 460381?
31, 14851
List the prime factors of 311432.
2, 11, 3539
List the prime factors of 29849217.
3, 9949739
List the prime factors of 11258611.
7, 13, 31, 307
List the prime factors of 820978.
2, 410489
List the prime factors of 13093.
13093
List the prime factors of 4659819.
3, 17, 91369
List the prime factors of 140448.
2, 3, 7, 11, 19
List the prime factors of 2565925.
5, 197, 521
What are the prime factors of 23157674?
2, 61, 189817
List the prime factors of 2016654.
2, 3, 336109
List the prime factors of 3248670.
2, 3, 5, 108289
What are the prime factors of 8645732?
2, 2161433
What are the prime factors of 630971?
11, 19, 3019
What are the prime factors of 1502084?
2, 23, 29, 563
List the prime factors of 2298002.
2, 7, 131, 179
What are the prime factors of 1509363?
3, 29, 5783
List the prime factors of 371472.
2, 3, 71, 109
What are the prime factors of 3868061?
17, 227533
List the prime factors of 7911842.
2, 103, 193, 199
What are the prime factors of 619442?
2, 31, 97, 103
What are the prime factors of 568530?
2, 3, 5, 6317
What are the prime factors of 2210868?
2, 3, 11, 1861
List the prime factors of 3974758.
2, 31, 64109
What are the prime factors of 10676793?
3, 3558931
List the prime factors of 757354.
2, 13, 29129
What are the prime factors of 3003396?
2, 3, 11, 61, 373
List the prime factors of 781325.
5, 31253
What are the prime factors of 18536?
2, 7, 331
What are the prime factors of 15061623?
3, 19, 139, 1901
What are the prime factors of 43898?
2, 47, 467
What are the prime factors of 944741?
7, 17, 467
List the prime factors of 488404.
2, 7, 17443
List the prime factors of 168371.
7, 67, 359
What are the prime factors of 1894099?
1894099
List the prime factors of 44949.
3, 14983
List the prime factors of 256635.
3, 5, 1901
What are the prime factors of 30141?
3, 17, 197
List the prime factors of 7641104.
2, 61, 7829
List the prime factors of 870373.
7, 124339
What are the prime factors of 31500889?
7, 4500127
List the prime factors of 236217.
3, 71, 1109
List the prime factors of 6243642.
2, 3, 29, 443
List the prime factors of 39703463.
67, 592589
List the prime factors of 9857627.
13, 758279
List the prime factors of 536455.
5, 31, 3461
List the prime factors of 4600935.
3, 5, 173, 197
List the prime factors of 771497.
31, 41, 607
List the prime factors of 623461.
23, 27107
List the prime factors of 68213.
68213
List the prime factors of 4851673.
53, 91541
List the prime factors of 8362609.
2087, 4007
What are the prime factors of 4329400?
2, 5, 21647
What are the prime factors of 630792?
2, 3, 8761
List the prime factors of 2795675.
5, 111827
List the prime factors of 6345385.
5, 1269077
What are the prime factors of 147701?
127, 1163
What are the prime factors of 300960?
2, 3, 5, 11, 19
What are the prime factors of 2583185?
5, 11, 67, 701
List the prime factors of 4190.
2, 5, 419
List the prime factors of 11636300.
2, 5, 13, 8951
List the prime factors of 4450594.
2, 131, 16987
What are the prime factors of 10000481?
10000481
List the prime factors of 5249383.
47, 67, 1667
List the prime factors of 8205544.
2, 1025693
What are the prime factors of 11584793?
11, 31, 53, 641
What are the prime factors of 180140?
2, 5, 9007
List the prime factors of 1297735.
5, 259547
List the prime factors of 6207064.
2, 257, 3019
What are the prime factors of 178787?
7, 25541
What are the prime factors of 2453667?
3, 817889
What are the prime factors of 2078480?
2, 5, 25981
List the prime factors of 446161.
503, 887
List the prime factors of 792779.
13, 4691
What are the prime factors of 5725535?
5, 1145107
List the prime factors of 606878.
2, 23, 79, 167
What are the prime factors of 128822?
2, 41, 1571
List the prime factors of 15459694.
2, 7729847
What are the prime factors of 141660?
2, 3, 5, 787
List the prime factors of 19184507.
23, 47, 17747
List the prime factors of 957301.
37, 25873
List the prime factors of 1048787.
647, 1621
List the prime factors of 1010088.
2, 3, 14029
What are the prime factors of 28503368?
2, 911, 3911
List the prime factors of 585602.
2, 292801
What are the prime factors of 182880?
2, 3, 5, 127
What are the prime factors of 869910?
2, 3, 5, 107, 271
What are the prime factors of 9830499?
3, 7, 23, 20353
What are the prime factors of 5972565?
3, 5, 398171
What are the pr